{"id":2419,"date":"2019-02-27T11:55:44","date_gmt":"2019-02-27T11:55:44","guid":{"rendered":"https:\/\/nauvitoria.dynu.net\/sdpfp\/?page_id=2419"},"modified":"2023-11-13T08:41:23","modified_gmt":"2023-11-13T08:41:23","slug":"o-que-e","status":"publish","type":"page","link":"https:\/\/nauvitoria.dynu.net\/sdpfp\/pastoral-familiar\/o-que-e\/","title":{"rendered":"O que \u00e9"},"content":{"rendered":"\r\n<p>\u201cPastoral Familiar \u00e9 toda a a\u00e7\u00e3o ou interven\u00e7\u00e3o da Igreja em favor da Fam\u00edlia, acompanhando-a, passo a passo, nas diversas etapas da sua forma\u00e7\u00e3o e desenvolvimento, atrav\u00e9s das suas estruturas e dos seus respons\u00e1veis e agentes. \u201d(Jo\u00e3o Paulo II,&nbsp;<em>Familiaris Consortio<\/em>, 1981, n. 65).<\/p>\r\n\r\n\r\n\r\n<p>Como tal, \u00e9 sempre uma atua\u00e7\u00e3o&nbsp;<strong>de<\/strong>&nbsp;e&nbsp;<strong>para<\/strong>&nbsp;pessoas concretas.<\/p>\r\n\r\n\r\n\r\n<p>A Pastoral Familiar tem como objetivo primeiro, procurar que os casais e as fam\u00edlias sejam aut\u00eanticas comunidades de vida e de amor e fonte de realiza\u00e7\u00e3o pessoal para todos. Assim, iniciar as crian\u00e7as, os adolescentes e jovens na arte de amar e ajudar as fam\u00edlias a perseverar no amor \u00e9 a sua finalidade principal. Propor o amor e ajudar a perseverar no amor \u00e9 a nossa miss\u00e3o.<\/p>\r\n\r\n\r\n\r\n<p>Esta aten\u00e7\u00e3o pastoral, para al\u00e9m de ajudar a constituir fam\u00edlias felizes, tamb\u00e9m evitar\u00e1 grande parte das ruturas do v\u00ednculo matrimonial. Deste modo, a aten\u00e7\u00e3o \u00e0s situa\u00e7\u00f5es de fragilidade n\u00e3o coloca em causa a convic\u00e7\u00e3o de que o projeto de vida familiar, marcado pela fidelidade e indissolubilidade conjugais, continua v\u00e1lido e \u00e9 um caminho de vida e de felicidade que \u00e9 preciso testemunhar e anunciar.<\/p>\r\n\r\n\r\n\r\n<p>Na diocese do Porto, a Nota Pastoral \u201c<a href=\"http:\/\/nauvitoria.dynu.net\/wp-content\/uploads\/2020\/08\/Nota_Pastoral_20190306.pdf\" target=\"_blank\" rel=\"noreferrer noopener\">Orienta\u00e7\u00f5es para<\/a> <a href=\"http:\/\/nauvitoria.dynu.net\/wp-content\/uploads\/2020\/08\/Nota_Pastoral_20190306.pdf\" target=\"_blank\" rel=\"noreferrer noopener\">a pastoral familiar na Diocese do Porto<\/a>\u201d de 6 de mar\u00e7o de 2019 constitui o documento de refer\u00eancia para este trabalho.<\/p>\r\n","protected":false},"excerpt":{"rendered":"<p>\u201cPastoral Familiar \u00e9 toda a a\u00e7\u00e3o ou interven\u00e7\u00e3o da Igreja em favor da Fam\u00edlia, acompanhando-a, passo a passo, nas diversas etapas da sua forma\u00e7\u00e3o e desenvolvimento, atrav\u00e9s das suas estruturas e dos seus respons\u00e1veis e agentes. \u201d(Jo\u00e3o Paulo II,&nbsp;Familiaris Consortio, 1981, n. 65). Como tal, \u00e9 sempre uma atua\u00e7\u00e3o&nbsp;de&nbsp;e&nbsp;para&nbsp;pessoas concretas. A Pastoral Familiar tem como [&hellip;]<\/p>\n","protected":false},"author":1,"featured_media":0,"parent":3673,"menu_order":0,"comment_status":"closed","ping_status":"closed","template":"","meta":{"_uag_custom_page_level_css":"","footnotes":""},"class_list":["post-2419","page","type-page","status-publish","czr-hentry"],"uagb_featured_image_src":{"full":false,"thumbnail":false,"medium":false,"medium_large":false,"large":false,"1536x1536":false,"2048x2048":false,"tc-grid-full":false,"tc-grid":false,"tc-thumb":false,"slider-full":false,"slider":false},"uagb_author_info":{"display_name":"admin","author_link":"https:\/\/nauvitoria.dynu.net\/sdpfp\/author\/admin\/"},"uagb_comment_info":0,"uagb_excerpt":"\u201cPastoral Familiar \u00e9 toda a a\u00e7\u00e3o ou interven\u00e7\u00e3o da Igreja em favor da Fam\u00edlia, acompanhando-a, passo a passo, nas diversas etapas da sua forma\u00e7\u00e3o e desenvolvimento, atrav\u00e9s das suas estruturas e dos seus respons\u00e1veis e agentes. \u201d(Jo\u00e3o Paulo II,&nbsp;Familiaris Consortio, 1981, n. 65). Como tal, \u00e9 sempre uma atua\u00e7\u00e3o&nbsp;de&nbsp;e&nbsp;para&nbsp;pessoas concretas. A Pastoral Familiar tem como&hellip;","_links":{"self":[{"href":"https:\/\/nauvitoria.dynu.net\/sdpfp\/wp-json\/wp\/v2\/pages\/2419"}],"collection":[{"href":"https:\/\/nauvitoria.dynu.net\/sdpfp\/wp-json\/wp\/v2\/pages"}],"about":[{"href":"https:\/\/nauvitoria.dynu.net\/sdpfp\/wp-json\/wp\/v2\/types\/page"}],"author":[{"embeddable":true,"href":"https:\/\/nauvitoria.dynu.net\/sdpfp\/wp-json\/wp\/v2\/users\/1"}],"replies":[{"embeddable":true,"href":"https:\/\/nauvitoria.dynu.net\/sdpfp\/wp-json\/wp\/v2\/comments?post=2419"}],"version-history":[{"count":13,"href":"https:\/\/nauvitoria.dynu.net\/sdpfp\/wp-json\/wp\/v2\/pages\/2419\/revisions"}],"predecessor-version":[{"id":4617,"href":"https:\/\/nauvitoria.dynu.net\/sdpfp\/wp-json\/wp\/v2\/pages\/2419\/revisions\/4617"}],"up":[{"embeddable":true,"href":"https:\/\/nauvitoria.dynu.net\/sdpfp\/wp-json\/wp\/v2\/pages\/3673"}],"wp:attachment":[{"href":"https:\/\/nauvitoria.dynu.net\/sdpfp\/wp-json\/wp\/v2\/media?parent=2419"}],"curies":[{"name":"wp","href":"https:\/\/api.w.org\/{rel}","templated":true}]}}

O que é

<p>“Pastoral Familiar é toda a ação ou intervenção da Igreja em favor da Família, acompanhando-a, passo a passo, nas diversas etapas da sua formação e desenvolvimento, através das suas estruturas e dos seus responsáveis e agentes. ”(João Paulo II,&nbsp;<em>Familiaris Consortio</em>, 1981, n. 65).</p>



<p>Como tal, é sempre uma atuação&nbsp;<strong>de</strong>&nbsp;e&nbsp;<strong>para</strong>&nbsp;pessoas concretas.</p>



<p>A Pastoral Familiar tem como objetivo primeiro, procurar que os casais e as famílias sejam autênticas comunidades de vida e de amor e fonte de realização pessoal para todos. Assim, iniciar as crianças, os adolescentes e jovens na arte de amar e ajudar as famílias a perseverar no amor é a sua finalidade principal. Propor o amor e ajudar a perseverar no amor é a nossa missão.</p>



<p>Esta atenção pastoral, para além de ajudar a constituir famílias felizes, também evitará grande parte das ruturas do vínculo matrimonial. Deste modo, a atenção às situações de fragilidade não coloca em causa a convicção de que o projeto de vida familiar, marcado pela fidelidade e indissolubilidade conjugais, continua válido e é um caminho de vida e de felicidade que é preciso testemunhar e anunciar.</p>



<p>Na diocese do Porto, a Nota Pastoral “<a href="http://nauvitoria.dynu.net/wp-content/uploads/2020/08/Nota_Pastoral_20190306.pdf" target="_blank" rel="noreferrer noopener">Orientações para</a> <a href="http://nauvitoria.dynu.net/wp-content/uploads/2020/08/Nota_Pastoral_20190306.pdf" target="_blank" rel="noreferrer noopener">a pastoral familiar na Diocese do Porto</a>” de 6 de março de 2019 constitui o documento de referência para este trabalho.</p>

<p>“Pastoral Familiar é toda a ação ou intervenção da Igreja em favor da Família, acompanhando-a, passo a passo, nas diversas etapas da sua formação e desenvolvimento, através das suas estruturas e dos seus responsáveis e agentes. ”(João Paulo II,&nbsp;Familiaris Consortio, 1981, n. 65). Como tal, é sempre uma atuação&nbsp;de&nbsp;e&nbsp;para&nbsp;pessoas concretas. A Pastoral Familiar tem como [&hellip;]</p>

“Pastoral Familiar é toda a ação ou intervenção da Igreja em favor da Família, acompanhando-a, passo a passo, nas diversas etapas da sua formação e desenvolvimento, através das suas estruturas e dos seus responsáveis e agentes. ”(João Paulo II,&nbsp;Familiaris Consortio, 1981, n. 65). Como tal, é sempre uma atuação&nbsp;de&nbsp;e&nbsp;para&nbsp;pessoas concretas. A Pastoral Familiar tem como&hellip;
